(-144)). Let n be (-9)/l*(-40)/5. Calculate the remainder when 27 is divided by (-9 - n)/(3/(-7)).
6
Let n be 6/(-4)*(-1 + -1). Let u be 12/(-42) - (-746)/14. Suppose -v = n*w - 2*v - u, 20 = 5*v. What is the remainder when w is divided by 7?
5
Suppose 59*k - 1 = 58*k, 3*q = -2*k + 59. What is the remainder when 148 is divided by q?
15
Suppose -3*o + 106 = 3*r - 245, 0 = 3*o - r - 335. Calculate the remainder when o is divided by 38.
37
Suppose -70*g + 742 = 36*g. Let h be (7 - -1) + (-1)/1. Let u = -5 + h. Calculate the remainder when g is divided by u.
1
Let h = -12 - -14. Suppose h*r = -4*v - 2, -2*r + 4*v + 10 = 4. Calculate the remainder when 38 is divided by (-14)/(-3 - -2) - r.
12
Let f(h) = -6*h + 9. What is the remainder when f(-45) is divided by 139?
1
Suppose -3*t + 106 = -329. Suppose 7*n - 208 = 51. What is the remainder when t is divided by n?
34
Let g = -250 + 330. Calculate the remainder when g is divided by 22.
14
Suppose -4*a = 3*g - 176, -120 = 13*g - 15*g - 2*a. Calculate the remainder when 316 is divided by g.
60
What is the remainder when (-9)/(234/(-1495))*32/10 is divided by 11?
8
Let h = 673 + -241. What is the remainder when h is divided by 141?
9
Let n(k) = 6*k + 1. Suppose o = 2*o + 2. Let z be 3 + (0 - o) + -3. Calculate the remainder when 36 is divided by n(z).
10
Let g(q) = -q + 4*q - 14 + 9. Calculate the remainder when 7 is divided by g(2).
0
Let u = 2031 + -1943. What is the remainder when u is divided by 55?
33
Calculate the remainder when (-41 + 39)*2*202/(-4) is divided by 69.
64
Suppose -43 = -4*j - 11. Let g be (-108)/(-24) - (-2)/(-4). Suppose 4*y - 22 = 3*y - g*m, -m = 4*y - 118. Calculate the remainder when y is divided by j.
6
Suppose -7*d = -3*j - 9*d + 22, 0 = -3*d - 3. What is the remainder when 30 is divided by j?
6
Let v = -698 + 708. What is the remainder when 387 is divided by v?
7
Suppose 0 = w + 4*h - 156 - 88, 0 = 5*w - h - 1136. Calculate the remainder when w is divided by 118.
110
Suppose 0 = -5*q - 4*n + 42 - 15, -3*n = -4*q + 3. Calculate the remainder when (8 - q)*(-68)/(-10) is divided by 12.
10
Let t = -178 + 197. Calculate the remainder when 31 is divided by t.
12
Let u(m) = -9*m + 10*m**2 + 3*m**2 - 10 - 14*m**2. Calculate the remainder when 18 is divided by u(-4).
8
Let n = 14 - 6. Suppose n*z - 5*z = 24. What is the remainder when ((-2)/z)/((-11)/1364) is divided by 11?
9
Suppose -5*b = -5*v - 90, 0 = 4*b + 4*v - 23 - 49. What is the remainder when 502 is divided by b?
16
Let y be -22*(-2)/((-12)/(-39)). Suppose -5*n + y = r - 121, 3*r - 64 = -n. Calculate the remainder when n is divided by 9.
7
Suppose -q + 5*o = 78, 4*q + 0*q + 2*o = -400. Let f = -85 - q. What is the remainder when 25 is divided by f?
12
Suppose -115*m - 81 = -118*m. Calculate the remainder when 126 is divided by m.
18
Let o(n) = -n**2 - 2*n + 7. Let y be o(-5). Let c be (-90)/y*(4 - 0). Suppose h = 3*h + 2*k - 30, -c = -3*h + k. What is the remainder when h is divided by 9?
6
Suppose 0 = -y - 4, 5*y + 0*y + 95 = 5*l. Suppose 3*d - l - 27 = 0. Suppose -d + 88 = 2*o. Calculate the remainder when o is divided by 10.
7
Suppose 3*i = 7*i + 828. Let z = i - -290. Suppose -3*v + 2*a + 73 = 0, 89 = -2*v + 6*v - a. Calculate the remainder when z is divided by v.
20
Let o(w) = -w**2 + 48*w - 405. What is the remainder when o(34) is divided by 22?
5
Suppose 5*u = -25 + 190. Let g = 38 - u. Suppose 138 = g*i + v, -v + 81 = 4*i - 30. Calculate the remainder when i is divided by 7.
6
Let b(j) = 5*j**2 + 24*j + 103. Calculate the remainder when b(-4) is divided by 48.
39
What is the remainder when (-2)/((-2)/(-159))*8/(-24) is divided by ((-8)/(-6))/(2/21)?
11
Suppose -3*k - 62 = -3*n + k, 0 = 3*n - 3*k - 57. Calculate the remainder when 52 + (n/(-63) - 68/18) is divided by 18.
12
Let t(c) be the third derivative of c**5/20 - c**3/6 - 8*c**2. What is the remainder when t(1) is divided by 1?
0
Let j(c) = -30*c**3 - 6*c**2 + 2*c - 7. Let f(t) = -31*t**3 - 7*t**2 + 2*t - 8. Let z(r) = 6*f(r) - 7*j(r). Calculate the remainder when z(1) is divided by 9.
5
Let c = -13 + 27. Let r = c + -17. Calculate the remainder when r/24 + (-145)/(-8) is divided by 4.
2
Suppose 0 = -7*s + 9*s - 74. Let c = s + -20. Suppose -x = g - 45 - c, -4*x + 3*g = -227. Calculate the remainder when x is divided by 15.
14
Suppose 2*k + p - 25 = 0, -p + 14 + 23 = 3*k. Suppose 55 = 5*m + 5*r, 5*m - 37 + 0 = 4*r. What is the remainder when k is divided by m?
3
Suppose 4*i - 4*x = 28, -3*i = i + 5*x + 8. What is the remainder when 35 is divided by i?
2
Let b = -3050 - -3323. Calculate the remainder when b is divided by 12.
9
Let w(x) = 7 + 3 + 7 + 11*x - 24. Suppose -4*y + c + 21 = 0, 4*y = -5*c - 4 - 5. What is the remainder when 109 is divided by w(y)?
35
Let t = 12 - -65. What is the remainder when 458 is divided by t?
73
Suppose 0 = -9*k + 11*k. Suppose k = -r + 4*r - 57. What is the remainder when 93 is divided by r?
17
Let t = -5 - -8. Suppose -39 + 21 = -w - 5*i, -5*i + 26 = 2*w. What is the remainder when w is divided by t?
2
Let u(v) = -49*v + 95. What is the remainder when 455 is divided by u(1)?
41
Let t(z) = -z**2 + 7*z + 7. Suppose -2*g = 15 - 5. Let a be (2 - 3)/(g/35). Calculate the remainder when t(a) is divided by 4.
3
Let a be (-1 + 7)*(-138)/9. Let r = a - -62. Calculate the remainder when ((-1)/3)/(5/r) is divided by 2.
0
Suppose -3*t + 249 = -12. Let i = -285 + 413. Let o = i - t. Calculate the remainder when 122 is divided by o.
40
Let g = -154 + 334. What is the remainder when g is divided by 13?
11
Suppose 4*g - 8*g = -20. Suppose -2*s = 3*s - g. Suppose -y - s = 4*u + u, -u = 3*y - 11. What is the remainder when 11 is divided by y?
3
Suppose -5*d = -2*m - 6, 5*d - 3*m - 3 = 1. Suppose 404 = 5*c + d*p, c + p = -3*p + 70. Calculate the remainder when c is divided by 14.
12
Suppose -6*t + 44 + 64 = 0. Suppose -3*n + t = -21. What is the remainder when 219 is divided by n?
11
Let r = 2449 + -1571. Suppose 2*k - 2*q + 0*q = 588, -5*q = -3*k + r. What is the remainder when k/10 + (-2)/(-5) is divided by 11?
8
Suppose 3 - 24 = -3*o. Suppose -10*j + 2095 = 1875. Calculate the remainder when j is divided by o.
1
Suppose -4*p + 770 = 5*d, 13*d + 4*p + 178 = 14*d. Let g = d + -91. Calculate the remainder when g is divided by 14.
11
Suppose -3*s - 4*s = s. Suppose s = -3*c + 184 - 22. Calculate the remainder when 159 is divided by c.
51
Suppose -16 = 4*z, -3*v - 24 = -8*v - 4*z. What is the remainder when 52 is divided by v?
4
Let v(g) = -g**3 + 10*g**2 + 12*g. Let b = 58 - -18. Suppose h = -3*h + b. What is the remainder when h is divided by v(11)?
8
Let z be 11 + 1 + 11 + -13. Suppose -p + z = -45. Calculate the remainder when p is divided by 21.
13
Suppose 54*h + 200 = 3008. Calculate the remainder when 462 is divided by h.
46
Suppose 2*n - 3 = -5*q - 2, -3*n + 59 = -4*q. Suppose -3*z + 16 = h, 2*h - 7*h + 25 = 4*z. Calculate the remainder when n is divided by z.
3
Suppose 4*w = -b + 2, -2*b + 5*w + 29 = 2*b. Calculate the remainder when 10 is divided by b.
4
Suppose 5*r - 5*d = 215, 2*d = -4*r + 4*d + 168. Calculate the remainder when r is divided by 17.
7
Let c = 58 + -38. What is the remainder when c - -2 - (-3 - 2) is divided by 6?
3
Let c(f) = -f**3 - 8*f**2 - 6*f + 1. Let s be c(-6). Suppose 0 = -d + 2*d - 5*z - 3, 3*z = 0. What is the remainder when (s/7)/(-2 - -1) is divided by d?
2
Calculate the remainder when (1 - -27) + 21/7 is divided by 0 - 44/(-77) - (-87)/7.
5
Let g = 32 - 16. Suppose -k + 0*k + 10 = 2*s, -g = -4*s. Suppose v + 5*j - 22 - 20 = 0, k*v - 3*j - 32 = 0. Calculate the remainder when v is divided by 4.
2
Let i = -33 + 36. What is the remainder when (23 - -1)/(i + 3/(-2)) is divided by 11?
5
Let t(m) = 2*m + 5 - 3 - 1 + m**2. Suppose 7*w - 166 = 79. What is the remainder when w is divided by t(-4)?
8
Suppose -277*g + 289*g - 1176 = 0. What is the remainder when 297 is divided by g?
3
Let z(y) = 21*y**2 + 3*y + 5. Let b(h) = 21*h**2 + 2*h + 4. Let k(i) = 4*b(i) - 3*z(i). Calculate the remainder when k(2) is divided by 28.
27
Suppose 13911 - 13991 = -5*k. Suppose 30 = -2*d + 5*d. Calculate the remainder when k is divided by d.
6
Let v(s) = s**2 + s - 16. Let y be v(7). Suppose -28 = 2*q - y. Calculate the remainder wh